6858 = 42*b - 70. Calculate the highest common factor of b and 1.
1
Let f(y) = 8*y - 91. Let u be f(12). Let z be 144 - 20/u - -3. Calculate the greatest common factor of 55 and z.
11
Suppose 14 - 6 = -4*l, 7 = -h - 3*l. Let y be h/2 - -54*6/8. Let k = -31 + y. What is the greatest common factor of k and 81?
9
Suppose 0 = 3*t - 2*z - 18, 0 = -0*t - 2*t - z + 5. Suppose t = a, -2*a + 218 = 2*n + 3*n. What is the greatest common factor of n and 42?
42
Let x(g) = 78*g**2 - 2*g + 1. Let q be x(1). Let p = 1650 - 1639. Suppose -4*w = z - 24, -1 = 2*w + z - p. What is the greatest common factor of w and q?
7
Let t(o) = -64*o - 6 - 17 - 1. Let u be t(-6). What is the highest common factor of 45 and u?
45
Let y(a) = -25*a - 566. Let t be y(-24). Suppose 5*j + 4*p - 90 - 64 = 0, 2*j - 80 = 3*p. What is the greatest common divisor of j and t?
34
Let a be ((-17157)/(-84))/(7/84). Calculate the greatest common factor of a and 19.
19
Suppose -259*h = -258*h - 11 - 3. What is the greatest common factor of h and 46?
2
Suppose 4*v - 17 = -20*w + 19*w, -v + 8 = 4*w. Calculate the highest common factor of v and 302.
2
Let i = 706 + -346. Let k = -311 + i. Suppose 3*z - 773 + 38 = 0. What is the greatest common factor of k and z?
49
Let h = -33703 - -33704. Calculate the highest common divisor of h and 3944.
1
Let v be -6*(-7)/(-28)*-30. Let i = 168 - 120. Suppose i = 4*u + 4*z, -2*z = -u - 4*z + 14. What is the highest common factor of u and v?
5
Let z = 163 - 149. Suppose 0 = -23*a + z*a + 1404. What is the highest common factor of 24 and a?
12
Let z(n) = 29*n**3 + 273*n**2 - 31*n - 2. Let b be z(-7). Calculate the greatest common factor of b and 6.
3
Let f = -457 - -457. Let a = -3 + 12. Suppose f = 15*o - a*o - 102. Calculate the highest common divisor of 51 and o.
17
Let d be 975/(-117)*-4*(-3)/(-10). Calculate the greatest common divisor of 505 and d.
5
Let x be (45/(-36))/(258/144 - 2). Calculate the highest common divisor of 879 and x.
3
Let u be 2/5 + -12 + 3424680/175. What is the greatest common factor of u and 14?
14
Suppose 46*k - 41448 - 39001 + 18717 = 0. Calculate the highest common divisor of k and 11.
11
Let p(y) = -7*y**2 + 5*y**2 + 12 + 10*y**2 + y**2 + 9*y**2 + 12*y. Let q be p(-2). Calculate the greatest common divisor of 84 and q.
12
Let c = -267 + 1179. Suppose 0 = -2*n - 4*y + 60, -10*y = -3*n - 9*y + 97. Let f be c/n - 3/(-2). Calculate the highest common factor of 20 and f.
10
Let y = 10922 - 7929. Calculate the greatest common divisor of 41 and y.
41
Let c = 94 - 183. Let i = -79 - c. Let p = -94 + 134. What is the greatest common divisor of i and p?
10
Let r(w) = 2*w**2 + 12*w + 3. Let l be r(-6). Suppose -4*a = -l*a - 15. What is the highest common factor of a and 105?
15
Let u(p) = p. Let c(k) = -11*k - 107. Let z(f) = -c(f) - 6*u(f). Let a be z(-11). Let t = 202 + 6. Calculate the greatest common factor of t and a.
52
Let d be ((-1044)/(-6) - 6) + -6. Let i = d + -117. Let o = -23 - -38. Calculate the highest common factor of i and o.
15
Let i be 2 + -4 + (69 - -2). Suppose -o = -l + 26, 4*o + 128 = -2*l - 2*l. Let f = o + i. Calculate the greatest common factor of f and 120.
40
Let f be 1957 - (-8*(-5)/(-10) + 4). Calculate the greatest common divisor of 206 and f.
103
Suppose -4*p + 6269 = 3*i, -5*p + 12774 = 5*i + 4939. Calculate the highest common factor of p and 42.
14
Suppose -9*l + 22 = 4. Let g be 9/l + (-6)/(-12) + 1. Let h be (-66)/10*(-9 - g). What is the greatest common factor of h and 33?
33
Let m be -9 + 2 + 3 + 9. Suppose m*z + z = -0*z. Let f be 9 + 0 - (z - 2)/2. Calculate the greatest common factor of f and 40.
10
Let y be -153 + 160 + 1002/3. What is the greatest common divisor of 496 and y?
31
Let n(q) = 16*q + 60. Let x be n(6). Let b = x - 76. Calculate the highest common divisor of b and 64.
16
Suppose -15*c + 754 + 221 = 0. Let d = c + 25. Calculate the greatest common divisor of 10 and d.
10
Let r(n) = 10*n**2 + 101*n - 660. Let u be r(-28). What is the highest common divisor of 8 and u?
8
Let q = 3596 + -3466. What is the greatest common factor of 182 and q?
26
Suppose 4*x + 111 - 107 = 0, -3*w + 1779 = -3*x. What is the highest common divisor of w and 1328?
16
Let m(q) = 198*q - 507. Let c be m(5). What is the greatest common factor of c and 1288?
161
Let c be (5/(-35)*-18 - 2) + 96/28. Calculate the greatest common divisor of c and 1444.
4
Let c be 19/(1/(7 + (-2 - -2))). Suppose p - c = -5*v + 5*p, 4*v - 2*p - 104 = 0. Let r = 56 + -46. Calculate the greatest common factor of v and r.
5
Let k be ((-1)/1)/((-1)/362). Suppose 538 + k = 4*f. Suppose 2*h + 23 = 2*d + f, -4*h + 3*d = -403. What is the greatest common factor of h and 20?
20
Suppose 71*u = 57*u. Suppose 3*d - 5*i - 614 = u, 4*d + 3*i - 6*i - 804 = 0. What is the greatest common divisor of d and 18?
18
Let r(l) = 3*l**2 - 3*l + 3. Let z be r(2). Suppose 5*x = z*x - 24. Let k be ((-272)/(-51))/(4/x). What is the greatest common divisor of k and 88?
8
Let o(v) = 2*v**2 - 14*v + 20. Let i be o(2). Suppose i = -7*l + 429 + 691. Calculate the greatest common divisor of l and 40.
40
Let t be 5/(150/(-2535))*-6. Calculate the greatest common factor of 117 and t.
39
Let g be 3/((-3 - (-21)/4) + -3) - -129. Let d(b) = -1 - 8*b**2 - 26*b**3 + 8*b**2. Let s be d(-1). What is the highest common factor of g and s?
25
Let i(d) = -3*d + 107. Let g(f) = -f + 108. Let s(l) = 4*g(l) - 5*i(l). Let u be s(14). Calculate the greatest common factor of u and 6.
3
Let p be (-1)/(-4) + 1196/16. Let y = -830 + 845. Calculate the highest common factor of p and y.
15
Suppose 3*x + 2*y + 203 = 2*x, -5*y + 231 = -x. Let n = x - -291. Calculate the highest common factor of 200 and n.
40
Suppose 0 = 2*i + u - 37 + 5, -5*u = 0. Suppose -21 = -w + i. Calculate the greatest common factor of 481 and w.
37
Suppose 219*x - 698835 - 219213 = 0. What is the highest common factor of x and 64?
32
Let s be (-8120)/(-210)*210/4. Suppose -s = 10*k - 45*k. What is the greatest common divisor of 2 and k?
2
Suppose -3*n + 2214 = f, -10*n + 738 = -9*n + 5*f. What is the highest common divisor of 342 and n?
18
Let d(h) = 17*h**2 - 617*h - 229. Let c be d(37). Suppose -f + 88 - 2 = 0. Calculate the highest common divisor of c and f.
43
Suppose 0 = 105*l + 10*l - 1451875. What is the highest common divisor of l and 101?
101
Let b = 0 - -97. Suppose a = -62 + b. Calculate the highest common divisor of a and 105.
35
Let c be 3*(-2)/42 + (-103698)/(-98). Calculate the highest common divisor of c and 322.
46
Let o(d) be the third derivative of -d**4/12 + 5*d**3/3 + 18*d**2. Let h be o(9). Let l = h + 38. What is the highest common factor of l and 150?
30
Let o(z) = -5*z**2 + 11*z - 29. Let q(i) = 11*i**2 - 23*i + 59. Let n(m) = -9*o(m) - 4*q(m). Let x be n(7). Calculate the greatest common factor of 625 and x.
25
Let r = -160 + 163. Suppose g + 103 = -r*x + 330, 2*x + 3*g - 142 = 0. Calculate the greatest common factor of 7 and x.
7
Suppose -2*j = 3*g - 67, 8*g + 5*j = 13*g - 95. Suppose -16 = 4*n, 4*n = -2*m + 3*m - g. Calculate the highest common factor of m and 3.
1
Let i(n) = n**3 + 58*n**2 + 57*n + 16. Let y be i(-57). Let m(c) = -2*c**3 - 17*c**2 + 8*c - 1. Let j be m(-9). Calculate the greatest common factor of y and j.
8
Let v(m) = 246*m - 2715. Let n be v(14). What is the highest common factor of 21 and n?
3
Suppose 40*y - 39*y = 2*r - 17524, -5*r + 43771 = 4*y. What is the greatest common factor of r and 19?
19
Suppose -57*o + 5*o = 33*o - 123930. What is the greatest common divisor of o and 144?
18
Suppose 4*m = 5*p - 33016, 5*m - 19788 = -3*p + 2*m. What is the greatest common divisor of p and 60?
60
Suppose -432 = 16*z - 8*z. Let j = 62 + z. Let v = 1 - -23. What is the highest common factor of j and v?
8
Let p(r) = -2*r**3 - 39*r**2 - 55*r + 99. Let f be p(-18). Calculate the greatest common divisor of 5733 and f.
117
Let b be ((44/(-66))/(8/18))/(5/(-10)). Calculate the highest common divisor of 401 and b.
1
Let o = -2587 + 2622. Calculate the highest common divisor of 135 and o.
5
Let y(m) = 22*m - 404. Let j be y(22). Calculate the greatest common divisor of 55 and j.
5
Let l be 1*(-4 - 3*-2). Suppose -131*q + 7989 = 653. Calculate the highest common factor of l and q.
2
Suppo